le of 16?
False
Is 16 a factor of 34864?
True
Is 2034 a multiple of 34?
False
Does 30 divide 18125?
False
Does 72 divide 30756?
False
Does 56 divide 30800?
True
Is 2320 a multiple of 20?
True
Is 15 a factor of 19065?
True
Is 310 a multiple of 10?
True
Is 22 a factor of 10187?
False
Does 23 divide 2316?
False
Does 55 divide 1049?
False
Does 45 divide 3105?
True
Is 2378 a multiple of 41?
True
Is 8 a factor of 312?
True
Does 29 divide 1804?
False
Is 1386 a multiple of 77?
True
Is 1764 a multiple of 126?
True
Is 858 a multiple of 60?
False
Is 28 a factor of 11740?
False
Is 7 a factor of 17133?
False
Is 9789 a multiple of 106?
False
Is 36400 a multiple of 260?
True
Is 4 a factor of 1058?
False
Is 48 a factor of 96?
True
Is 22218 a multiple of 69?
True
Is 2147 a multiple of 84?
False
Is 22 a factor of 3291?
False
Is 44 a factor of 8191?
False
Is 9 a factor of 775?
False
Is 11 a factor of 1545?
False
Does 5 divide 9475?
True
Does 92 divide 1472?
True
Is 17 a factor of 14484?
True
Does 11 divide 3278?
True
Does 48 divide 1300?
False
Is 22 a factor of 4492?
False
Does 14 divide 108892?
True
Is 307 a factor of 15385?
False
Does 19 divide 59689?
False
Is 540 a multiple of 45?
True
Is 114160 a multiple of 20?
True
Is 14558 a multiple of 4?
False
Is 3 a factor of 1407?
True
Is 2806 a multiple of 46?
True
Does 21 divide 5520?
False
Is 17 a factor of 68310?
False
Does 8 divide 7792?
True
Is 24 a factor of 17239?
False
Does 74 divide 6882?
True
Does 44 divide 14879?
False
Is 16 a factor of 528?
True
Does 26 divide 6840?
False
Is 2 a factor of 233?
False
Is 35 a factor of 1378?
False
Is 573 a multiple of 3?
True
Does 57 divide 43776?
True
Does 14 divide 2226?
True
Is 8 a factor of 20981?
False
Does 70 divide 560?
True
Is 5634 a multiple of 27?
False
Is 2455 a multiple of 5?
True
Does 41 divide 3444?
True
Is 119 even?
False
Is 43 a factor of 1075?
True
Is 11040 a multiple of 3?
True
Does 58 divide 290?
True
Is 1365 a multiple of 105?
True
Does 151 divide 1506?
False
Is 7429 a multiple of 17?
True
Does 32 divide 201?
False
Is 2048 a multiple of 4?
True
Is 16099 a multiple of 7?
False
Does 7 divide 11186?
True
Is 893 a multiple of 7?
False
Is 1463 a multiple of 25?
False
Does 15 divide 936?
False
Is 23066 a multiple of 16?
False
Is 15400 a multiple of 44?
True
Is 179 a factor of 16826?
True
Is 12 a factor of 2496?
True
Does 3 divide 120?
True
Is 672 a multiple of 18?
False
Is 37 a factor of 666?
True
Is 13 a factor of 3384?
False
Is 47 a factor of 6693?
False
Is 81 a factor of 6399?
True
Does 9 divide 7483?
False
Is 53 a factor of 802?
False
Is 4428 a multiple of 108?
True
Does 3 divide 27178?
False
Does 31 divide 989?
False
Is 3 a factor of 186?
True
Does 5 divide 319?
False
Does 4 divide 9032?
True
Does 125 divide 6000?
True
Is 14 a factor of 13500?
False
Does 42 divide 8904?
True
Is 23 a factor of 134205?
True
Does 17 divide 2924?
True
Is 10 a multiple of 2?
True
Is 70 a factor of 368?
False
Is 2212 a multiple of 47?
False
Is 48 a factor of 12192?
True
Does 4 divide 5413?
False
Is 3884 a multiple of 93?
False
Does 191 divide 18022?
False
Is 5 a factor of 515?
True
Is 5 a factor of 1993?
False
Is 2685 a multiple of 15?
True
Is 2883 a multiple of 31?
True
Is 13902 a multiple of 21?
True
Is 822 a multiple of 76?
False
Is 22946 a multiple of 298?
True
Is 76 a multiple of 50?
False
Is 2745 a multiple of 9?
True
Is 372 a multiple of 93?
True
Is 192 a multiple of 39?
False
Does 27 divide 237?
False
Is 2050 a multiple of 77?
False
Is 162 a multiple of 2?
True
Is 10 a factor of 7233?
False
Does 13 divide 78?
True
Does 17 divide 5100?
True
Does 4 divide 212?
True
Is 20 a factor of 943?
False
Is 14 a factor of 546?
True
Does 27 divide 26112?
False
Does 169 divide 34189?
False
Does 8 divide 3906?
False
Is 4 a factor of 3276?
True
Is 39 a factor of 3094?
False
Does 13 divide 1290?
False
Is 17242 a multiple of 233?
True
Does 14 divide 1596?
True
Does 17 divide 77?
False
Does 127 divide 27940?
True
Does 28 divide 23937?
False
Is 4420 a multiple of 17?
True
Is 8496 a multiple of 48?
True
Is 36 a factor of 1008?
True
Is 7548 a multiple of 16?
False
Is 14767 a multiple of 61?
False
Is 46684 a multiple of 122?
False
Is 416 a multiple of 16?
True
Is 33140 a multiple of 30?
False
Does 94 divide 4418?
True
Does 26 divide 234?
True
Is 2 a factor of 31?
False
Is 22 a factor of 384?
False
Is 840 a multiple of 35?
True
Is 304 a multiple of 4?
True
Does 76 divide 260?
False
Does 12 divide 49764?
True
Is 10 a factor of 460?
True
Does 12 divide 433?
False
Is 391 a multiple of 49?
False
Is 19 a factor of 361?
True
Does 17 divide 37472?
False
Is 9169 a multiple of 173?
True
Is 65 a factor of 6247?
False
Does 16 divide 45594?
False
Is 1384 a multiple of 7?
False
Does 14 divide 13237?
False
Is 4 a factor of 223?
False
Is 1000 a multiple of 8?
True
Does 12 divide 233?
False
Is 1848 a multiple of 77?
True
Is 25 a factor of 6099?
False
Does 89 divide 3171?
False
Is 977 a multiple of 38?
False
Is 3142 a multiple of 25?
False
Does 6 divide 931?
False
Is 1025 a multiple of 25?
True
Is 3470 a multiple of 7?
False
Is 8 a factor of 5483?
False
Is 57 a factor of 2793?
True
Does 13 divide 8544?
False
Is 204 a multiple of 17?
True
Is 2318 a multiple of 122?
True
Is 43 a factor of 15015?
False
Is 480 a multiple of 48?
True
Does 8 divide 1228?
False
Is 12320 a multiple of 62?
False
Is 73 a factor of 3973?
False
Is 8257 a multiple of 15?
False
Is 34020 a multiple of 20?
True
Does 11 divide 3025?
True
Is 14 a factor of 418?
False
Does 10 divide 710?
True
Is 216 a multiple of 24?
True
Is 15 a factor of 679?
False
Does 49 divide 4116?
True
Is 18 a factor of 1355?
False
Does 9 divide 312?
False
Is 2552 a multiple of 11?
True
Is 57 a factor of 3960?
False
Does 15 divide 91786?
False
Does 45 divide 253?
False
Does 24 divide 1536?
True
Is 3253 a multiple of 15?
False
Is 5 a factor of 420?
True
Does 33 divide 339?
False
Is 934 a multiple of 11?
False
Is 432 a multiple of 27?
True
Does 5 divide 675?
True
Is 56350 a multiple of 98?
True
Is 27 a factor of 166?
False
Is 337 a multiple of 2?
False
Is 1216 a multiple of 34?
False
Is 3514 a multiple of 83?
False
Is 4025 a multiple of 161?
True
Does 9 divide 7484?
False
Does 21 divide 6248?
False
Is 26 a factor of 1248?
True
Is 686 a multiple of 27?
False
Does 6 divide 1424?
False
Does 13 divide 2302?
False
Does 5 divide 10640?
True
Does 16 divide 7047?
False
Does 10 divide 30280?
True
Is 78031 a multiple of 10?
False
Does 35 divide 1808?
False
Is 38 even?
True
Is 73800 a multiple of 450?
True
Is 208 a multiple of 13?
True
Is 10 a factor of 663?
False
Is 17 a factor of 1022?
False
Is 41290 a multiple of 45?
False
Is 216 a factor of 66895?
False
Is 61 a factor of 3046?
False
Does 68 divide 3885?
False
Is 14 a factor of 8498?
True
Is 217 a multiple of 31?
True
Is 360 a multiple of 20?
True
Does 24 divide 2736?
True
Does 16 divide 5776?
True
Is 37 a factor of 13653?
True
Is 2346 a multiple of 17?
True
Is 4 a factor of 296?
True
Does 20 divide 1056?
False
Is 552 a multiple of 24?
True
Is 33 a factor of 7855?
False
Does 15 divide 1208?
False
Is 41916 a multiple of 14?
True
Is 121 a factor of 10718?
False
Is 61620 a multiple of 10?
True
Does 138 divide 12558?
True
Is 748 a multiple of 25?
False
Does 17 divide 1649?
True
Is 15 a factor of 55634?
False
Is 4 a factor of 38?
False
Is 2381 a multiple of 3?
False
Does 34 divide 25283?
False
Is 639 a multiple of 10?
False
Does 159 divide 16717?
False
Does 22 divide 508?
False
Is 98 a multiple of 14?
True
Does 3 divide 6587?
False
Is 39 a factor of 17130?
False
Is 53 a multiple of 4?
False
Does 9 divide 4050?
True
Is 49 a multiple of 20?
False
Does 49 divide 2164?
False
Is 5 a factor of 1580?
True
Is 98 a factor of 12477?
False
Does 195 divide 86385?
True
Is 25934 a multiple of 38?
False
Is 12 a factor of 7656?
True
Is 190 a factor of 33060?
True
Is 14 a factor of 73146?
False
Is 18332 a multiple of 88?
False
Is 26195 a multiple of 23?
False
Is 21 a factor of 3003?
True
Is 9 a factor of 306?
True
Is 10 a factor of 50580?
True
Does 20 divide 1140?
True
Is 24 a factor of 4416?
True
Is 6864 a multiple of 22?
True
Is 6819 a multiple of 59?
False
Is 17 a factor of 1700?
True
Does 14 divide 910?
True
Is 42 a multiple of 42?
True
Does 32 